d 26.
26
What is the highest common divisor of 380 and 3325?
95
Calculate the greatest common divisor of 253 and 7337.
253
What is the highest common factor of 239 and 2?
1
What is the highest common factor of 216 and 351?
27
What is the greatest common divisor of 894 and 21158?
298
Calculate the greatest common factor of 1700 and 595.
85
What is the highest common factor of 6 and 123?
3
What is the greatest common factor of 5704 and 32?
8
What is the greatest common divisor of 170 and 374?
34
What is the highest common divisor of 28 and 448?
28
What is the greatest common divisor of 1955 and 34?
17
What is the highest common factor of 6 and 54?
6
Calculate the highest common factor of 75 and 3.
3
What is the highest common factor of 8820 and 350?
70
Calculate the greatest common divisor of 19930 and 20.
10
Calculate the greatest common divisor of 33 and 11.
11
What is the greatest common factor of 102 and 24?
6
What is the greatest common divisor of 1003 and 85?
17
Calculate the highest common factor of 2290 and 20.
10
Calculate the greatest common factor of 32 and 16.
16
What is the greatest common factor of 1872 and 3?
3
What is the highest common divisor of 204 and 64?
4
Calculate the greatest common divisor of 7 and 847.
7
What is the highest common divisor of 273 and 3?
3
Calculate the highest common divisor of 1337 and 14.
7
What is the greatest common factor of 34 and 476?
34
Calculate the greatest common divisor of 26 and 1443.
13
Calculate the highest common factor of 33 and 4202.
11
What is the highest common factor of 3372 and 12?
12
Calculate the highest common factor of 427 and 28.
7
What is the greatest common factor of 112 and 16?
16
Calculate the greatest common divisor of 29700 and 50.
50
Calculate the highest common divisor of 153 and 255.
51
What is the greatest common divisor of 77 and 1001?
77
What is the highest common divisor of 108 and 378?
54
What is the highest common divisor of 140 and 2268?
28
What is the highest common factor of 108 and 8?
4
Calculate the highest common factor of 245 and 28.
7
What is the highest common divisor of 406 and 14?
14
Calculate the greatest common factor of 57 and 19.
19
What is the highest common divisor of 20 and 904?
4
What is the greatest common divisor of 20 and 60?
20
What is the greatest common factor of 3562 and 130?
26
Calculate the greatest common factor of 1 and 433.
1
What is the greatest common factor of 76 and 20786?
38
Calculate the greatest common divisor of 122 and 5.
1
What is the greatest common factor of 28350 and 126?
126
What is the highest common divisor of 41 and 697?
41
Calculate the highest common factor of 224 and 64.
32
Calculate the highest common factor of 4 and 100.
4
Calculate the greatest common factor of 130 and 7345.
65
What is the highest common divisor of 522 and 9?
9
What is the greatest common factor of 441 and 21861?
63
What is the greatest common divisor of 46 and 1541?
23
Calculate the greatest common divisor of 1476 and 18.
18
What is the greatest common factor of 851 and 23?
23
Calculate the greatest common factor of 2723 and 42.
7
Calculate the greatest common divisor of 10810 and 10.
10
What is the greatest common divisor of 217 and 49?
7
What is the greatest common divisor of 2941 and 346?
173
Calculate the greatest common factor of 81 and 15.
3
What is the greatest common divisor of 10 and 730?
10
Calculate the highest common factor of 24 and 2136.
24
What is the greatest common divisor of 288 and 24?
24
What is the greatest common factor of 1520 and 40?
40
What is the greatest common factor of 372 and 84?
12
Calculate the greatest common divisor of 6 and 4114.
2
Calculate the greatest common divisor of 110 and 20.
10
What is the greatest common divisor of 6 and 7080?
6
What is the greatest common divisor of 228 and 60?
12
Calculate the highest common factor of 2420 and 80.
20
What is the highest common divisor of 248 and 62?
62
What is the highest common divisor of 40 and 1220?
20
Calculate the greatest common factor of 8 and 5960.
8
Calculate the highest common factor of 793 and 549.
61
What is the greatest common divisor of 114 and 24?
6
Calculate the highest common divisor of 82 and 14760.
82
What is the highest common factor of 395 and 79?
79
Calculate the greatest common factor of 384 and 96.
96
What is the greatest common factor of 915 and 75?
15
What is the greatest common divisor of 342 and 38?
38
What is the greatest common factor of 145 and 2059?
29
What is the highest common divisor of 8733 and 246?
123
What is the highest common divisor of 425 and 25?
25
Calculate the highest common factor of 624 and 39.
39
Calculate the highest common factor of 1745 and 5.
5
Calculate the highest common divisor of 268 and 2881.
67
What is the greatest common divisor of 2082 and 6?
6
What is the highest common factor of 62 and 899?
31
Calculate the greatest common divisor of 72 and 558.
18
What is the highest common divisor of 9200 and 92?
92
What is the greatest common factor of 2 and 9?
1
What is the highest common divisor of 3811 and 103?
103
Calculate the greatest common divisor of 2726 and 638.
58
What is the greatest common divisor of 35 and 30?
5
What is the greatest common divisor of 19 and 13?
1
What is the highest common divisor of 208 and 112?
16
What is the greatest common divisor of 9 and 279?
9
Calculate the greatest common factor of 376 and 141.
47
What is the highest common divisor of 230 and 8165?
115
Calculate the greatest common factor of 532 and 399.
133
What is the highest common factor of 96 and 6816?
96
What is the highest common factor of 7192 and 261?
29
What is the greatest common factor of 150 and 46275?
75
What is the greatest common factor of 1482 and 3510?
78
What is the highest common factor of 15 and 315?
15
What is the greatest common divisor of 141 and 5217?
141
Calculate the greatest common factor of 444 and 372.
12
What is the highest common divisor of 825 and 22?
11
What is the greatest common factor of 74 and 666?
74
What is the highest common factor of 144 and 1440?
144
Calculate the greatest common factor of 1411 and 17.
17
Calculate the greatest common factor of 3937 and 1270.
127
Calculate the highest common divisor of 64 and 8.
8
What is the greatest common factor of 8 and 2556?
4
Calculate the highest common factor of 5543 and 69.
23
What is the highest common factor of 4794 and 2256?
282
What is the greatest common factor of 230 and 80?
10
What is the highest common divisor of 325 and 500?
25
Calculate the greatest common factor of 380 and 3116.
76
What is the greatest common divisor of 987 and 63?
21
Calculate the highest common factor of 33250 and 38.
38
What is the greatest common divisor of 512 and 9536?
64
Calculate the greatest common factor of 18 and 552.
6
What is the highest common factor of 264 and 66?
66
Calculate the greatest common factor of 132 and 5764.
44
Calculate the greatest common divisor of 16 and 3728.
16
What is the highest common factor of 611 and 47?
47
What is the greatest common factor of 85 and 85?
85
Calculate the highest common divisor of 792 and 891.
99
Calculate the highest common factor of 204 and 12.
12
What is the highest common divisor of 203 and 232?
29
What is the greatest common factor of 105062 and 262?
262
Calculate the greatest common divisor of 61 and 47092.
61
What is the greatest common factor of 33 and 33?
33
Calculate the greatest common divisor of 92 and 12.
4
Calculate the greatest common factor of 29 and 725.
29
Calculate the highest common divisor of 814 and 88.
22
What is the highest common divisor of 1218 and 4?
2
Calculate the highest common divisor of 286 and 104.
26
Calculate the highest common factor of 2 and 19.
1
What is the greatest common divisor of 216 and 16?
8
What is the greatest common factor of 408 and 357?
51
What is the highest common divisor of 14 and 882?
14
What is the highest common divisor of 38 and 4503?
19
What is the highest common factor of 18 and 2?
2
Calculate the highest common divisor of 35 and 5.
5
Calculate the highest common divisor of 63 and 189.
63
What is the greatest common factor of 16 and 2992?
16
What is the greatest common factor of 96 and 27?
3
What is the highest common divisor of 23 and 253?
23
Calcu